3 - 86*d**2 - 496*d + 16. What is s(-6)?
112
Let s(u) = 2*u**3 - 605*u**2 + 593*u - 87830. Determine s(302).
52
Let m(y) = -y**2 - 1123*y + 228616. Determine m(176).
-8
Let d(y) = -35260*y - 387831. Determine d(-11).
29
Let z(c) = -3*c**3 - 16*c**2 + 175*c + 1033. Determine z(-7).
53
Let k(s) = 4*s**2 + 171*s + 86. Give k(-20).
-1734
Let p(q) = 18*q**2 + 3307*q + 3001. Determine p(-182).
-2641
Let f(g) = -2*g**2 + 6058*g + 66878. Determine f(-11).
-2
Let i(n) = -n**2 - 401*n - 21568. Give i(-64).
0
Let c(a) = -1185*a**2 - 137468*a - 264. Determine c(-116).
664
Let y(p) = -2*p**2 + 290*p + 49528. Determine y(-100).
528
Let k(r) = -8067*r - 129065. Calculate k(-16).
7
Let g(y) = 41734*y + 584308. Give g(-14).
32
Let j(f) = 207357*f - 2695616. Calculate j(13).
25
Let j(i) = -i**2 - 6290*i - 392303. Calculate j(-63).
-2
Let p(z) = z**3 + 41*z**2 - 51*z - 288. Give p(-43).
-1793
Let q(l) = l**3 + 183*l**2 - 2145*l + 16. What is q(11)?
-105
Let k(b) = -b**3 - 13*b**2 + 2074*b + 2616. Determine k(-52).
224
Let r(j) = -j**3 - 5*j**2 - 402*j - 1594. Calculate r(-4).
-2
Let t(g) = -43*g**2 - 445*g - 12. What is t(-9)?
510
Let u(y) = -39*y**3 - 76*y**2 + 221*y + 446. Determine u(-2).
12
Let s(f) = -42*f**2 + 1152*f - 2300. Calculate s(2).
-164
Let x(j) = -2202*j**2 + 24254*j - 259. Give x(11).
93
Let j(y) = -115*y + 12266. What is j(109)?
-269
Let q(y) = 1865096*y + 5595277. Determine q(-3).
-11
Let i(f) = -f**3 - 55*f**2 - 250*f + 9294. Determine i(-45).
294
Let m(r) = 2*r**3 - 302*r**2 + 2032*r - 104. Determine m(7).
8
Let k(a) = 112956*a + 226015. What is k(-2)?
103
Let q(a) = -9*a**3 - 2331*a**2 - 2326*a - 1027. Give q(-258).
5
Let h(r) = -55*r**3 - 11*r**2 + 28*r - 12. Determine h(3).
-1512
Let m(c) = -c**3 + 42*c**2 - 2146*c + 94090. Give m(43).
-37
Let z(q) = 2*q**3 - 17*q**2 + 539*q - 5384. Calculate z(10).
306
Let x(l) = -3*l**2 - 330*l - 1448. What is x(-107)?
-485
Let l(n) = -536*n - 1333. What is l(-2)?
-261
Let m(j) = 123729*j + 1979670. Determine m(-16).
6
Let d(i) = -3*i**2 - 1493*i - 8969. What is d(-6)?
-119
Let b(d) = 2*d**3 - 119*d**2 - 716*d - 9414. Determine b(66).
-42
Let a(p) = p**2 + 108797*p + 326375. Determine a(-3).
-7
Let u(n) = n**2 + 20528*n - 410959. What is u(20)?
1
Let o(h) = -h**2 - 136*h + 1113. Give o(-70).
5733
Let k(f) = 3*f**3 + 24*f**2 - 1755*f - 8824. Give k(-5).
176
Let v(a) = -a**2 + 143*a + 4692. What is v(-33)?
-1116
Let w(z) = 20675*z - 144736. Calculate w(7).
-11
Let f(r) = -2376*r + 2192. Determine f(1).
-184
Let d(r) = 1484*r - 41372. Calculate d(28).
180
Let o(u) = u**2 - 44*u + 205. Give o(-16).
1165
Let s(d) = 405*d + 32780. Determine s(-81).
-25
Let m(a) = -a**3 - 67*a**2 - 229*a - 455. What is m(-63)?
-1904
Let p(z) = z**3 - 122*z**2 + 323*z + 2041. What is p(119)?
-2005
Let a(p) = 2067*p - 446406. Determine a(216).
66
Let q(k) = k**3 + 48*k**2 + 14*k - 227. Give q(-47).
1324
Let z(h) = -6*h**2 - 88*h + 1141. Give z(-23).
-9
Let v(u) = 2*u**3 + 16*u**2 - 63*u - 520. Give v(-10).
-290
Let g(z) = -z**2 + 233*z + 9036. Calculate g(-34).
-42
Let y(s) = -s**2 - 3659659*s + 14638655. Determine y(4).
3
Let m(v) = -v**2 - 899*v + 149014. Calculate m(143).
8
Let y(h) = 6*h**3 + 15*h**2 - 232*h - 750. Calculate y(-3).
-81
Let z(y) = -61394*y - 61385. Determine z(-1).
9
Let y(p) = -165034*p - 1155269. What is y(-7)?
-31
Let l(o) = 2*o**3 - 726*o**2 + 4894*o + 701. What is l(7)?
71
Let d(j) = -56970*j - 1538207. What is d(-27)?
-17
Let f(p) = -p**2 - 155*p + 2405. Determine f(14).
39
Let w(d) = -25*d**3 - 395*d**2 + 88*d + 96. What is w(-16)?
-32
Let d(w) = 48*w**2 - 6196*w + 476. What is d(129)?
-40
Let o(d) = -6280*d - 238621. Determine o(-38).
19
Let o(d) = 1304*d**3 + 4*d**2 - 20*d + 18. Give o(1).
1306
Let x(n) = -2952*n - 17663. Give x(-6).
49
Let u(c) = 2*c**3 + 371*c**2 + 916*c - 878. Determine u(-183).
-1061
Let i(t) = -6737*t + 89158. Calculate i(13).
1577
Let s(m) = m**2 + 2457*m - 14237. Give s(6).
541
Let o(f) = -245*f**2 - 1720*f + 24050. What is o(7)?
5
Let h(s) = -465*s**2 - 5518*s - 5516. Calculate h(-1).
-463
Let w(c) = 2*c**3 - 2*c**2 - 652*c + 2013. Give w(3).
93
Let h(v) = -3*v**2 - 234*v - 1190. Give h(-73).
-95
Let v(t) = 3*t**3 + 7*t**2 + 18*t + 13. Determine v(-2).
-19
Let c(f) = 183*f**2 + 396*f + 790. Calculate c(-2).
730
Let t(l) = l**2 - 952*l + 225213. What is t(439)?
6
Let y(k) = 241*k - 13408. Calculate y(57).
329
Let o(f) = 3698*f + 21672. Calculate o(-6).
-516
Let v(w) = -2*w**2 - 123*w - 1883. Give v(-27).
-20
Let o(m) = m**3 - 216*m**2 - 741760*m - 11. Calculate o(-760).
-11
Let n(y) = -2*y**3 - 56*y**2 + 77*y + 58. What is n(-29)?
-493
Let r(i) = i**3 + 19*i**2 - 49*i + 8. Give r(2).
-6
Let k(c) = 2*c**2 + 373*c + 16775. Give k(-71).
374
Let l(x) = -1469*x - 16. Give l(0).
-16
Let q(i) = i**3 + 22*i**2 - 3366*i - 68230. Determine q(-20).
-110
Let z(q) = -13381*q + 26266. Give z(2).
-496
Let x(k) = 11*k**2 - 20432*k + 20419. What is x(1)?
-2
Let o(u) = -33*u**2 + 5231*u + 26147. Give o(-5).
-833
Let r(k) = -10*k**2 + 2468*k - 28176. What is r(12)?
0
Let y(w) = w**3 - 25*w**2 - 148*w + 1811. Give y(28).
19
Let v(u) = 5*u**3 - 182*u**2 + 98*u + 153. Give v(36).
1089
Let h(w) = -4*w**2 - 186*w - 1896. What is h(-17)?
110
Let r(z) = -370*z**2 - 304*z + 326. Give r(1).
-348
Let k(w) = -64*w + 1059. Give k(-21).
2403
Let x(z) = 18*z + 1253. Give x(-39).
551
Let u(t) = 2*t**3 + 1039*t**2 - 154999*t - 238. Determine u(121).
4
Let w(t) = t**3 + 46*t**2 + 219*t + 450. What is w(-41)?
-124
Let o(w) = 234*w + 9975. Calculate o(-37).
1317
Let g(q) = 13811*q - 262106. Determine g(19).
303
Let o(d) = 1737*d + 1241. Give o(1).
2978
Let v(p) = 16*p**2 + 1726*p + 4977. Determine v(-105).
147
Let h(t) = -t**2 + 1535*t - 25766. Calculate h(17).
40
Let c(q) = 7*q**3 + 362*q**2 + 278*q + 19871. Calculate c(-52).
7
Let n(c) = 27*c**2 - 5*c + 552. Give n(0).
552
Let o(s) = 33*s**3 + 5*s**2 - 17*s + 40. Determine o(3).
925
Let c(b) = 6899*b + 151776. Calculate c(-22).
-2
Let c(n) = -303*n**3 + 5757*n**2 + 19*n - 363. Give c(19).
-2
Let w(s) = -10004*s - 1690639. Determine w(-169).
37
Let r(p) = -1744*p - 58693. Determine r(-33).
-1141
Let o(i) = i**3 - 72*i**2 + 484*i - 14401. Determine o(68).
15
Let m(b) = -b**2 - 1099*b - 21. What is m(0)?
-21
Let w(q) = 19*q**2 - 2531*q - 1786. Determine w(134).
224
Let x(c) = -c**3 - 87*c**2 - 1381*c + 2105. Calculate x(-23).
12
Let t(z) = -z**3 - 75*z**2 + 3975*z + 302801. Determine t(-70).
51
Let v(p) = -309*p + 18833. What is v(62)?
-325
Let i(p) = 2603*p - 13352. Give i(5).
-337
Let y(a) = 19*a**2 - 3065*a + 6955. Calculate y(159).
-41
Let k(o) = -770*o**2 + 1822*o - 4. Determine k(3).
-1468
Let n(m) = 81*m - 22298. Calculate n(283).
625
Let p(q) = -146*q**3 - 237*q**2 + 265*q - 27. Determine p(1).
-145
Let g(h) = 2*h**3 + 43*h**2 - 1603*h - 34795. What is g(-22)?
-13
Let t(x) = x**3 - 83*x**2 - x + 93. Calculate t(83).
10
Let o(f) = -f**3 - 10*f**2 + 457*f + 3656. Determine o(-7).
310
Let k(z) = z**2 - 1582*z + 35863. What is k(1559)?
6
Let q(m) = -m**2 + 80*m + 129. Give q(78).
285
Let b(p) = 597*p - 14307. Calculate b(24).
21
Let c(o) = -o**3 + 456*o**2 + 5602*o - 126. What is c(-12)?
42
Let l(x) = -x**3 - 410*x**2 - 1622*x + 810. Give l(-406).
-2
Let a(k) = k**2 + 67*k - 2552. Determine a(-93).
-134
Let a(h) = h**3 - 148*h**2 + 2866*h + 238. Give a(23).
31
Let t(c) = 69009*c - 4761618. What is t(69)?
3
Let q(n) = 7925*n - 48762. Give q(6).
-1212
Let n(l) = -63*l**2 + 33*l + 147. Determine n(-4).
-993
Let r(h) = h**2 - 360*h + 17726. Give r(59).
-33
Let w(y) = -2*y**2 + 432*y - 19261. What is w(153)?
17
Let w(n) = -32*n**2 - 302*n - 21. What is w(-9)?
105
Let v(i) = -6343*i + 107640. Determine v(17).
-191
Let z(j) = -2*j**2 - 257*j + 18278. Determine z(51).
-31
Let b(f) = f**3 - 585*f**2 - 2829*f - 71173. Calculate b(590).
217
Let w(a) = -154*a**2 - 18324*a + 490. Calculate w(-119).
252
Let q(r) = -r**3 - 27*r**2 + 685*r + 3665. Determine q(19).
74
Let y(s) = -114*s**2 - 2625*s - 11693. Determine y(-17).
-14
Let n(y) = 2*y**3 + 315*y**2 - 1463*y - 814. Give n(-162).
-4
Let v(x) = -11*x**3 + 14*x**2 - 92*x + 16. Determine v(6).
-2408
Let r(a) = -a**2 - 1561*a + 504926. Give r(275).
26
Let n(b) = 76*b - 14153. What is n(189)?
211
Let y(k) = -22264*k - 224